er when 13316 is divided by 29.
5
Calculate the remainder when 68110 is divided by 528.
526
What is the remainder when 182 is divided by 105?
77
Calculate the remainder when 4696 is divided by 4692.
4
Calculate the remainder when 39194 is divided by 603.
602
What is the remainder when 128420 is divided by 642?
20
Calculate the remainder when 1456 is divided by 715.
26
What is the remainder when 16591 is divided by 395?
1
What is the remainder when 42105 is divided by 79?
77
What is the remainder when 74702 is divided by 37?
36
Calculate the remainder when 340548 is divided by 18919.
6
Calculate the remainder when 70744 is divided by 359.
21
What is the remainder when 3606 is divided by 1187?
45
Calculate the remainder when 82833 is divided by 4141.
13
Calculate the remainder when 1744 is divided by 79.
6
What is the remainder when 303902 is divided by 3039?
2
Calculate the remainder when 154328 is divided by 22.
20
Calculate the remainder when 599 is divided by 594.
5
What is the remainder when 245122 is divided by 22?
20
What is the remainder when 11632 is divided by 3785?
277
Calculate the remainder when 745223 is divided by 63.
59
What is the remainder when 556735 is divided by 46?
43
Calculate the remainder when 4891 is divided by 29.
19
What is the remainder when 10262 is divided by 96?
86
What is the remainder when 649 is divided by 20?
9
What is the remainder when 9703 is divided by 83?
75
What is the remainder when 41475 is divided by 5182?
19
Calculate the remainder when 2442 is divided by 1187.
68
Calculate the remainder when 16466 is divided by 2352.
2
What is the remainder when 37767 is divided by 18866?
35
What is the remainder when 8033 is divided by 2669?
26
What is the remainder when 111302 is divided by 568?
542
Calculate the remainder when 154805 is divided by 309.
305
What is the remainder when 20031 is divided by 77?
11
What is the remainder when 12177001 is divided by 842?
839
Calculate the remainder when 2679 is divided by 12.
3
What is the remainder when 13385 is divided by 136?
57
What is the remainder when 34756 is divided by 477?
412
Calculate the remainder when 1229 is divided by 262.
181
Calculate the remainder when 1749 is divided by 1718.
31
Calculate the remainder when 26100 is divided by 121.
85
What is the remainder when 13720 is divided by 6813?
94
What is the remainder when 1684531 is divided by 4?
3
Calculate the remainder when 60620 is divided by 5048.
44
Calculate the remainder when 4373 is divided by 175.
173
Calculate the remainder when 153395 is divided by 560.
515
Calculate the remainder when 13207 is divided by 4402.
1
Calculate the remainder when 3665716 is divided by 11.
10
What is the remainder when 2167377 is divided by 83?
81
Calculate the remainder when 34579 is divided by 49.
34
Calculate the remainder when 15707 is divided by 709.
109
Calculate the remainder when 38192 is divided by 222.
8
Calculate the remainder when 48877 is divided by 582.
571
Calculate the remainder when 24842 is divided by 39.
38
What is the remainder when 1453 is divided by 111?
10
Calculate the remainder when 15635 is divided by 47.
31
What is the remainder when 1667 is divided by 581?
505
Calculate the remainder when 22054 is divided by 527.
447
Calculate the remainder when 8170 is divided by 23.
5
Calculate the remainder when 246728 is divided by 123357.
14
Calculate the remainder when 54819 is divided by 25.
19
What is the remainder when 11487 is divided by 333?
165
What is the remainder when 19705 is divided by 366?
307
What is the remainder when 512049 is divided by 17?
9
What is the remainder when 1357 is divided by 714?
643
What is the remainder when 73279 is divided by 22?
19
Calculate the remainder when 27417 is divided by 9066.
219
What is the remainder when 728 is divided by 700?
28
What is the remainder when 2051 is divided by 26?
23
Calculate the remainder when 28029 is divided by 14011.
7
Calculate the remainder when 214327 is divided by 37.
23
What is the remainder when 3364763 is divided by 52?
51
What is the remainder when 13494 is divided by 62?
40
Calculate the remainder when 23688 is divided by 2368.
8
What is the remainder when 1685 is divided by 70?
5
Calculate the remainder when 87515 is divided by 612.
611
What is the remainder when 4979 is divided by 137?
47
What is the remainder when 1419070 is divided by 45?
40
Calculate the remainder when 61977 is divided by 77.
69
Calculate the remainder when 1511 is divided by 335.
171
What is the remainder when 6593 is divided by 124?
21
Calculate the remainder when 1725904 is divided by 109.
107
Calculate the remainder when 3915898 is divided by 45.
43
What is the remainder when 10527 is divided by 152?
39
Calculate the remainder when 3980 is divided by 3468.
512
Calculate the remainder when 49530 is divided by 121.
41
Calculate the remainder when 142088 is divided by 47362.
2
What is the remainder when 698136 is divided by 329?
327
What is the remainder when 7737 is divided by 3814?
109
Calculate the remainder when 2140 is divided by 308.
292
Calculate the remainder when 105871 is divided by 239.
233
Calculate the remainder when 879327 is divided by 439663.
1
Calculate the remainder when 223742 is divided by 19.
17
Calculate the remainder when 5864317 is divided by 476.
473
Calculate the remainder when 4440349 is divided by 579.
577
What is the remainder when 7262 is divided by 7?
3
Calculate the remainder when 25434 is divided by 330.
24
Calculate the remainder when 16911 is divided by 16907.
4
What is the remainder when 3821 is divided by 118?
45
What is the remainder when 102223 is divided by 5679?
1
Calculate the remainder when 2601 is divided by 64.
41
What is the remainder when 81908 is divided by 3?
2
What is the remainder when 26262 is divided by 525?
12
Calculate the remainder when 167755 is divided by 83844.
67
What is the remainder when 29477 is divided by 128?
37
Calculate the remainder when 46158 is divided by 23.
20
What is the remainder when 262 is divided by 93?
76
What is the remainder when 26658 is divided by 459?
36
What is the remainder when 2334 is divided by 1091?
152
Calculate the remainder when 5086 is divided by 14.
4
What is the remainder when 17200 is divided by 3269?
855
What is the remainder when 12955 is divided by 3139?
399
What is the remainder when 28293 is divided by 298?
281
What is the remainder when 48970 is divided by 154?
152
Calculate the remainder when 167754 is divided by 27956.
18
Calculate the remainder when 1299997 is divided by 13.
10
What is the remainder when 2026 is divided by 31?
11
What is the remainder when 1971 is divided by 368?
131
Calculate the remainder when 65964 is divided by 4120.
44
What is the remainder when 8254 is divided by 102?
94
Calculate the remainder when 7526 is divided by 157.
147
Calculate the remainder when 4387 is divided by 4357.
30
What is the remainder when 2331 is divided by 1156?
19
Calculate the remainder when 30457 is divided by 143.
141
What is the remainder when 545 is divided by 476?
69
What is the remainder when 2666 is divided by 15?
11
Calculate the remainder when 27237 is divided by 620.
577
What is the remainder when 156208 is divided by 74?
68
What is the remainder when 348 is divided by 93?
69
Calculate the remainder when 7331 is divided by 18.
5
What is the remainder when 2181 is divided by 479?
265
Calculate the remainder when 117118 is divided by 1316.
1310
Calculate the remainder when 36909 is divided by 36819.
90
What is the remainder when 6462 is divided by 1609?
26
Calculate the remainder when 2864 is divided by 27.
2
Calculate the remainder when 537985 is divided by 474.
469
What is the remainder when 8837 is divided by 680?
677
What is the remainder when 5357 is divided by 2675?
7
What is the remainder when 491531 is divided by 45?
41
What is the remainder when 169328 is divided by 132?
104
What is the remainder when 3237 is divided by 276?
201
What is the remainder when 51426 is divided by 8569?
12
Calculate the remainder when 53331 is divided by 26665.
1
What is the remainder when 97611 is divided by 561?
558
What is the remainder when 2593 is divided by 109?
86
What is the remainder when 19608 is divided by 179?
97
Calculate the remainder when 116